{"id":69,"date":"2017-07-10T10:51:15","date_gmt":"2017-07-10T10:51:15","guid":{"rendered":"https:\/\/vivamulherviva.org\/?page_id=69"},"modified":"2026-04-22T11:25:47","modified_gmt":"2026-04-22T10:25:47","slug":"almocos-jantares","status":"publish","type":"page","link":"https:\/\/vivamulherviva.org\/index.php\/almocos-jantares\/","title":{"rendered":"Almo\u00e7os e Jantares"},"content":{"rendered":"\n<h2 class=\"wp-block-heading alignwide has-text-align-center\">Noite de fados<\/h2>\n\n\n\n<div class=\"wp-block-group is-content-justification-center is-nowrap is-layout-flex wp-container-core-group-is-layout-bfbbbc10 wp-block-group-is-layout-flex\">\n<h4 class=\"wp-block-heading\"><strong>Abril 2026<\/strong><\/h4>\n<\/div>\n\n\n\n<p><strong>\u00c9 com enorme satisfa\u00e7\u00e3o que celebramos o sucesso de mais uma brilhante noite de fados dos Amigos da Viva Mulher Viva.<\/strong><\/p>\n\n\n\n<p><strong>Agradecemos profundamente \u00e0 Sofia Martins, cuja dedica\u00e7\u00e3o foi fundamental para a realiza\u00e7\u00e3o deste maravilhoso evento.<\/strong><\/p>\n\n\n\n<p><strong>O nosso muito obrigada aos artistas que nos proporcionaram momentos \u00fanicos e ao p\u00fablico pelo carinho e presen\u00e7a constantes<\/strong>.<\/p>\n\n\n\n<p><\/p>\n\n\n\n\n\n<p class=\"has-text-align-center\"><strong><mark style=\"background-color:rgba(0, 0, 0, 0)\" class=\"has-inline-color has-kubio-color-6-color\"><kbd>Abril 2025<\/kbd><\/mark><\/strong><\/p>\n\n\n","protected":false},"excerpt":{"rendered":"<p>Noite de fados Abril 2026 \u00c9 com enorme satisfa\u00e7\u00e3o que celebramos o sucesso de mais uma brilhante noite de fados dos Amigos da Viva Mulher Viva. Agradecemos profundamente \u00e0 Sofia Martins, cuja dedica\u00e7\u00e3o foi fundamental para a realiza\u00e7\u00e3o deste maravilhoso evento. O nosso muito obrigada aos artistas que nos proporcionaram momentos \u00fanicos e ao p\u00fablico [&hellip;]<\/p>\n","protected":false},"author":4,"featured_media":0,"parent":0,"menu_order":0,"comment_status":"closed","ping_status":"closed","template":"","meta":{"saved_in_kubio":false,"footnotes":""},"class_list":["post-69","page","type-page","status-publish","hentry"],"kubio_ai_page_context":{"short_desc":"","purpose":"general"},"_links":{"self":[{"href":"https:\/\/vivamulherviva.org\/index.php\/wp-json\/wp\/v2\/pages\/69","targetHints":{"allow":["GET"]}}],"collection":[{"href":"https:\/\/vivamulherviva.org\/index.php\/wp-json\/wp\/v2\/pages"}],"about":[{"href":"https:\/\/vivamulherviva.org\/index.php\/wp-json\/wp\/v2\/types\/page"}],"author":[{"embeddable":true,"href":"https:\/\/vivamulherviva.org\/index.php\/wp-json\/wp\/v2\/users\/4"}],"replies":[{"embeddable":true,"href":"https:\/\/vivamulherviva.org\/index.php\/wp-json\/wp\/v2\/comments?post=69"}],"version-history":[{"count":8,"href":"https:\/\/vivamulherviva.org\/index.php\/wp-json\/wp\/v2\/pages\/69\/revisions"}],"predecessor-version":[{"id":793,"href":"https:\/\/vivamulherviva.org\/index.php\/wp-json\/wp\/v2\/pages\/69\/revisions\/793"}],"wp:attachment":[{"href":"https:\/\/vivamulherviva.org\/index.php\/wp-json\/wp\/v2\/media?parent=69"}],"curies":[{"name":"wp","href":"https:\/\/api.w.org\/{rel}","templated":true}]}}